 = x, -2*v = 5*x - 12. Suppose 8 = x*y - 18. Let z = y - 7. List the prime factors of z.
2, 3
Let q be 5*(54/(-15))/(-6). Suppose -140 = -f - q*f. What are the prime factors of f?
5, 7
Let l = 109 - 40. List the prime factors of l.
3, 23
Let n = 7 + 27. List the prime factors of n.
2, 17
What are the prime factors of 1/10 + (-546)/(-140)?
2
Let o(b) = -10*b + 1. Let f be o(-2). Suppose 51 = 3*q + 3*p, f = 2*q - q - 3*p. Suppose -r - r = -q. What are the prime factors of r?
3
List the prime factors of (8 - -14)*1/2.
11
Let v(k) = 15*k + 2. Let q be v(3). Suppose 2*y - 3*a - q = 7*y, 3*a = -2*y - 17. List the prime factors of 184/40 + (-4)/y.
5
Let r be 1 + (1 - 1) + -5. Let y be (r + -1)*2/(-5). List the prime factors of -1 - (-2 + y + -3).
2
Let o(a) = -a**3 - 5*a**2 + 6*a + 2. Let h be o(-6). Suppose 2*l + h = 3*l. Suppose -5*g - 3*x = -18, 4*g + l*x - 44 = 7*x. What are the prime factors of g?
2, 3
Let c = 4 - -17. Let i = -31 + c. Let p = -1 - i. What are the prime factors of p?
3
Let q(p) = p**2 + 4*p - 22. What are the prime factors of q(-21)?
5, 67
Let o = -2 + 3. Suppose 6 - o = w. Suppose -4*g - w*a + 8 = 0, g - 5 + 3 = -2*a. What are the prime factors of g?
2
Suppose -4*b - b - m = -18, 0 = -b - 4*m + 15. Suppose 26 = b*s - s. What are the prime factors of s?
13
Suppose 3*d - 6 = 2*c, 0*c = c + 4*d + 3. What are the prime factors of (-4)/c*117/6?
2, 13
Let w(p) = p - p**2 + 2*p - 2 + 5*p + 1. What are the prime factors of w(4)?
3, 5
Let f(z) = z**2 - 7*z + 13. List the prime factors of f(8).
3, 7
What are the prime factors of -5*(1 - -22)*-1?
5, 23
Suppose -3*c + 11 + 4 = -2*u, 5*c = -u + 25. Let r(x) = -x**2 + 21. What are the prime factors of r(u)?
3, 7
Let c be 320/18 + (-18)/(-81). Let x = -13 + c. List the prime factors of x.
5
Let v be (1 - 31)*(-6)/15. Let j = v + -7. Suppose -6*t + 2*t = -l + j, -4*l - 3*t = -39. List the prime factors of l.
3
Let a(l) be the second derivative of l**4/12 + 5*l**3/2 - l**2/2 + 5*l. What are the prime factors of a(-17)?
3, 11
List the prime factors of (2/2)/((-2)/(-222)).
3, 37
Let x be 1*-2 + 1 + -2. Let y = -3 - x. Suppose 27 = -y*m + 3*m. List the prime factors of m.
3
Let o = 6 - -5. Suppose 2*q - o = -q + m, 2*q - 9 = m. What are the prime factors of q?
2
Let u(h) = -h**2 + 6*h + 4. Let x be u(4). Suppose 4*k + 5*g - g = x, -3*k + 1 = -5*g. Suppose -k + 14 = 3*s. List the prime factors of s.
2
Suppose -6*c = -2*c - 16. List the prime factors of (9/(-4))/((-1)/c).
3
Suppose w - 46 = -4*l, -6*l + 170 = 5*w - l. List the prime factors of w.
2, 3, 5
Suppose 0 = 3*k + 3*b - 27, 0*k + 4*b = 5*k - 27. Let x(w) = w + 7. What are the prime factors of x(k)?
2, 7
List the prime factors of 0 + (1 - -3) + 39.
43
Suppose -o = o. Suppose -2*g + 14 = -0*g - 2*i, -i - 1 = o. What are the prime factors of g?
2, 3
Suppose 3*x + x = 8. Suppose -p + 67 = x*p + 2*k, 2*k - 109 = -5*p. Suppose 6*c = 7*c - p. List the prime factors of c.
3, 7
Let n = 9 + -3. List the prime factors of 22/3 + (-2)/n.
7
Suppose -p + 1 = -5*n, -3*p = -p - 2. Suppose z + 2*z - 18 = -l, n = -2*z + 5*l + 29. Suppose 4*o + 3*m = 3*o + z, 4*o = -5*m + 35. List the prime factors of o.
2, 5
Let a(v) be the first derivative of -v**2 + 2*v + 1. Let h(o) = o + 2. Let r be h(-6). List the prime factors of a(r).
2, 5
Let k(c) = -5*c - 2 + 2*c**3 - 5*c**2 + 0 - c**3 - 2*c**3. What are the prime factors of k(-4)?
2
Let o(n) = -n**2 + 32*n + 25. What are the prime factors of o(22)?
5, 7
Let c(a) = 24*a - 1. List the prime factors of c(1).
23
Let f(k) = k - 3. Let q be f(7). Suppose 0 = -v - 2*l + 13, q*v - 34 = -l + 18. What are the prime factors of v?
13
Suppose -3*k - k + 5*q - 15 = 0, -5*q = 2*k - 15. Let j be -2*2*(k + -1). Suppose 45 = j*l + 9. What are the prime factors of l?
3
Let x = -9 + 11. Suppose 2*b + 2*f = 10, -x*f + 1 - 5 = 0. What are the prime factors of b?
7
Let k = -10 - -62. What are the prime factors of k?
2, 13
Suppose 4*l = -t - 12 - 0, -l - 12 = t. Let j = 0 - t. Let q = j - 6. What are the prime factors of q?
2, 3
Let h be 2*5*(-25)/(-2). Suppose h = x + 4*x. What are the prime factors of x?
5
Let q = -21 + 14. Let u(p) = -p**2 - 6*p + 9. Let h be u(q). What are the prime factors of (13/(-2))/((-1)/h)?
13
Suppose 0 = 2*r + 3*d + 9, -4*r - 2*d - 14 = -0*r. Let q be r - (-27 + (-3)/1). Suppose -4*v + 7*v - q = -3*g, -4*g = -v - 36. What are the prime factors of g?
3
Let q(s) = 15*s + 17. List the prime factors of q(6).
107
Suppose -1 + 7 = f. Let h be (16 - -1) + -6 + 3. Let w = h - f. What are the prime factors of w?
2
Let j(d) = -d**3 + 10*d**2 + 4*d - 3. What are the prime factors of j(10)?
37
Let h(q) = -7*q**3 - 2*q**2 + q. What are the prime factors of h(-2)?
2, 23
Let y(f) be the first derivative of f**4/4 - 7*f**3/3 + 10*f + 4. Let v be y(7). Let m(n) = n**2 - 9*n - 3. List the prime factors of m(v).
7
Let g(z) = 3*z + 4. Let j be g(-3). Let r = j - -7. Suppose w + 3 = 0, -4*x + 3*x = r*w - 6. List the prime factors of x.
2, 3
Suppose 0 = -4*x + 13 - 5. Let b be (0 - 0) + x/1. Suppose -6 = -4*s + b*s. List the prime factors of s.
3
Suppose 2*a - 21 = 11. Let h = -25 + a. Let s = 16 + h. List the prime factors of s.
7
Let p(z) = -z - 1. Let m be p(2). Let d(g) = -3*g + 1. List the prime factors of d(m).
2, 5
Let c = 174 + -112. List the prime factors of c.
2, 31
Let m be -4 + 2 + (8 - 2). Let c = m - 6. List the prime factors of ((-1)/3)/(c/18).
3
Let t be (-1)/(1/8)*1. Let g(q) = -q**3 - 8*q**2 - 2*q - 8. List the prime factors of g(t).
2
Let o = -16 - -21. Suppose -219 = -o*b + 6. List the prime factors of b.
3, 5
Let k(u) = -u**2 - u - 1. Let o(p) = -4*p**2 - 6*p - 8. Let q(b) = 5*k(b) - o(b). Let d be (-1)/3*(1 + -1). What are the prime factors of q(d)?
3
List the prime factors of (7/(-28))/(1 - 45/44).
11
Let o(g) = g**3 + 7*g**2 - 9*g - 3. List the prime factors of o(-7).
2, 3, 5
Let d be 5*1/((-10)/(-6)). Let u be 165/(-25) + d/5. What are the prime factors of (u/3)/(-4)*14?
7
Let h(x) = 2*x**2 + 29*x - 8. Let l(z) = -z**2 - 14*z + 4. Let w(r) = -3*h(r) - 7*l(r). List the prime factors of w(-12).
2
Suppose 0 = 4*n - 7*n + 216. Suppose 0*y - 2*y - 5*h = -36, 4*y = 5*h + n. List the prime factors of y.
2, 3
Suppose 15 = 3*s + 3*u - 9, -3*s - u = -18. Suppose 0*n + n - 4*j = -s, 0 = 2*n + 2*j - 20. List the prime factors of n.
7
Let n(i) = -106*i - 14. List the prime factors of n(-2).
2, 3, 11
Let l be 1 + 5 + 4/(-2). Suppose 100 = l*t - 4*d, 4*t - 79 = t + 2*d. What are the prime factors of t?
29
Let o(x) = 5*x**2 - x + 3. Let y(h) = 1. Let w(f) = o(f) - 4*y(f). What are the prime factors of w(2)?
17
Let h be (-42)/((-6)/3) + -3. Suppose 3*n - 28 = -v + h, n = -5*v - 8. What are the prime factors of n?
17
Let q(u) = -u**3 + u**2 - u + 3. Let l be q(0). Suppose -108 = l*y - 3. List the prime factors of 10/y - 60/(-14).
2
Suppose -24 = 3*l + 4*i, 3*l - 3*i + i = -6. Let s be 2 - -1 - 1 - l. Suppose -g - g + s = 0. What are the prime factors of g?
3
Suppose 0 = -l - 0 + 4. Suppose l*k - k = 36. What are the prime factors of k?
2, 3
Let w(g) be the third derivative of 0*g + 0 - 1/3*g**3 + 1/12*g**4 - 3*g**2. List the prime factors of w(4).
2, 3
Suppose 18 = l - 4*w, 5*w + 28 = 2*l + w. Suppose l = g + 2. What are the prime factors of g?
2
Let n(k) = -6*k - 51. Let x(p) = 2*p + 17. Let b(i) = 4*n(i) + 11*x(i). What are the prime factors of b(-13)?
3
Let w = 34 - -15. What are the prime factors of w?
7
Suppose g - 1 = 0, -3*g = -2*n - g + 22. What are the prime factors of n?
2, 3
Suppose -2*a + s + 2*s = -5, -2*s = 2*a - 30. Let d = a + -5. List the prime factors of d.
5
Let d(f) be the third derivative of f**4/4 - 5*f**3/6 + f**2. Let m be d(5). List the prime factors of 10/m + 76/10.
2
Let b = 25 - 16. Let l = -25 - -44. Let n = l - b. What are the prime factors of n?
2, 5
Let g be (-2)/2 + (2 - -23). Let l be 48/26 + 24/156. Suppose l*a - g = -a. List the prime factors of a.
2
Suppose 12*u + 2080 = 25*u. List the prime factors of u.
2, 5
Let i = 1 + -2. Let o = i + 4. Suppose m = o*k - 5, 4*k - 18 + 7 = -3*m. What are the prime factors of k?
2
Suppose 3*q + 3 - 9 = 0. Suppose 2*m = v + v + 10, v + 5 = -3*m. Suppose 0 = u - m*y + 2*y - 4, 28 = 3*u + q*y. What are the prime factors of u?
2, 3
Suppose 4 + 1 = 5*p. Su